rmine y(-6).
-9
Let d(f) = f**2 - 4*f - 4. Give d(4).
-4
Let n(p) = -p**2 + 6*p + 8. What is n(8)?
-8
Let v(c) = c**2 + c. Give v(1).
2
Let q(n) = -n**2 + 4*n + 15. Give q(7).
-6
Let a(c) = 29*c - 203. Calculate a(7).
0
Let d(i) = 23*i + 212. Give d(-9).
5
Let w(d) = -d**2 - 12*d - 10. Give w(-11).
1
Let a(i) = -i**2 + 29*i - 196. Calculate a(13).
12
Let g(x) = -3*x**2 - 18*x - 8. What is g(-6)?
-8
Let a(u) = u**3 - 20*u**2 - 96*u - 7. Calculate a(24).
-7
Let f(x) = 6*x**2 - 2*x. Give f(-1).
8
Let d(f) = f + 15. Determine d(-4).
11
Let z(c) = 42*c - 254. Determine z(6).
-2
Let w(u) = -11*u - 99. Give w(-9).
0
Let y(c) = 2*c + 3. Give y(1).
5
Let k(y) = 11*y - 260. Determine k(24).
4
Let a(z) = z**3 - 30*z**2 + 31*z - 55. Give a(29).
3
Let j(y) = -y**3 + 13*y**2 - 12*y - 10. Determine j(12).
-10
Let n(h) = -h + 3. Calculate n(-2).
5
Let f(g) = g**3 + 15*g**2 - 35*g - 21. Calculate f(-17).
-4
Let g(d) = d**2 - 17*d + 20. What is g(16)?
4
Let i(y) = 4*y**2 - 5*y + 5. Calculate i(1).
4
Let k(m) = 11*m - 270. Calculate k(25).
5
Let l(s) = -15*s**3 + 2*s**2 - s - 2. Determine l(-1).
16
Let x(v) = -v**3 - 16*v**2 - 37*v + 27. What is x(-13)?
1
Let q(j) = j**3 - 2*j**2 + 2. Give q(3).
11
Let k(i) = -4*i - 2. Determine k(-14).
54
Let s(w) = w + 26. Calculate s(14).
40
Let v(p) = 5*p - 64. Determine v(15).
11
Let s(t) = 2*t + 66. Calculate s(-26).
14
Let p(d) = 4*d**3 - 4*d**2 - 4*d - 2. Give p(-2).
-42
Let k(h) = h**3 - 8*h**2 - 15*h + 8. What is k(9)?
-46
Let o(f) = -f**3 + 3*f**2 + 8*f - 12. What is o(5)?
-22
Let h(a) = -a**2 + 2*a + 2. Give h(-2).
-6
Let i(c) = -5*c**2 + 2*c + 9. Calculate i(-2).
-15
Let v(s) = -7*s - 2. Determine v(0).
-2
Let o(f) = 12*f - 2. Calculate o(-2).
-26
Let c(b) = -b**2 + 10*b + 18. Give c(12).
-6
Let j(q) = -12*q + 34. Calculate j(18).
-182
Let b(f) = -f**2 + 5*f + 32. Determine b(10).
-18
Let j(x) = 3*x + 18. Give j(-8).
-6
Let l(p) = 2*p**2 - 36*p + 164. Calculate l(8).
4
Let p(f) = -2*f + 5. What is p(8)?
-11
Let m(x) = 2*x**2 - 35*x + 78. Calculate m(15).
3
Let v(c) = -c**2 - 8*c - 9. What is v(-5)?
6
Let b(w) = 2*w + 8. Determine b(-3).
2
Let x(h) = 9*h + 5. What is x(-10)?
-85
Let b(m) = -25*m. What is b(-1)?
25
Let i(h) = -2*h**3 + 21*h**2 - 27*h + 7. Give i(9).
7
Let p(s) = s**2 + 15*s + 43. Calculate p(-12).
7
Let d(t) = -t**3 - 10*t**2 + 2*t - 9. Give d(-10).
-29
Let h(v) = -9*v - 43. What is h(-6)?
11
Let v(g) = -2*g**2 - 41*g + 26. Give v(-20).
46
Let a(t) = -t**2 + 8*t - 2. Calculate a(6).
10
Let s(p) = 2*p**3 - 3*p**2 - p + 1. Determine s(3).
25
Let t(d) = d**3 + 2*d**2 - d + 2. What is t(0)?
2
Let i(t) = t**3 + 12*t**2 - t - 15. What is i(-12)?
-3
Let i(b) = b**2 + 6*b + 13. Calculate i(-5).
8
Let o(f) = -f**2 + f + 2. Give o(-3).
-10
Let z(v) = 7*v**2 + 12*v - 25. What is z(2)?
27
Let z(u) = -3*u**2 - 6*u - 1. Determine z(-4).
-25
Let g(s) = 14*s - 72. Calculate g(8).
40
Let x(b) = 40*b - 3. Determine x(-1).
-43
Let w(t) = t**2 - 19*t - 4. Determine w(19).
-4
Let o(q) = q**3 + 10*q**2 + 7*q - 22. Determine o(-9).
-4
Let g(s) = -5*s + 3. Determine g(4).
-17
Let b(t) = -t + 5. Calculate b(-6).
11
Let x(q) = 46*q + 797. Give x(-17).
15
Let p(m) = -m**3 - 2*m**2 - 4*m - 3. Determine p(-2).
5
Let m(h) = h**2 + 8*h - 4. Determine m(-8).
-4
Let v(f) = -f**3 + 12*f**2 - 13*f - 4. What is v(11)?
-26
Let o(d) = -5*d**2. Determine o(-2).
-20
Let j(i) = i**3 - 7*i**2 + i + 1. Determine j(7).
8
Let i(w) = -3*w**3 + w**2 + 3*w + 1. What is i(-2)?
23
Let f(p) = 2*p + 7. Calculate f(9).
25
Let f(s) = -s**3 - 18*s**2 + 10*s - 18. What is f(-19)?
153
Let g(b) = -3*b + 51. Determine g(13).
12
Let z(h) = h**3 + 14*h**2 - h - 8. Give z(-14).
6
Let t(v) = -v**3 + 4*v**2 + 3*v - 2. Calculate t(-3).
52
Let v(g) = g**3 - 20*g**2 - 44*g + 29. Determine v(22).
29
Let p(m) = -m**2 + 11*m - 8. Give p(8).
16
Let h(n) = n**2 + 25*n - 85. Determine h(-28).
-1
Let d(j) = j**3 - 16*j**2 + 19*j + 8. Calculate d(15).
68
Let p(r) = -3*r**3 + 7*r**2 - 11*r + 3. What is p(2)?
-15
Let r(l) = 3*l**3 + 3*l**2 - 2*l - 7. Determine r(-2).
-15
Let w(a) = -a**3 + 11*a**2 + 13*a + 16. Determine w(11).
159
Let v(g) = -5*g - 48. What is v(0)?
-48
Let i(u) = u**3 - 4*u**2 - 3*u - 10. Give i(5).
0
Let f(g) = 3*g**2 - 2*g - 10. What is f(-4)?
46
Let r(v) = -36*v + 12. What is r(4)?
-132
Let c(r) = 5*r + 2. Determine c(-5).
-23
Let g(t) = -t**3 + 18*t**2 + 21*t - 38. Determine g(19).
0
Let f(j) = 32*j + 45. Calculate f(-2).
-19
Let p(y) = -y**2 + 3*y. Give p(5).
-10
Let f(w) = -w + 24. What is f(7)?
17
Let i(n) = -n**2 + 3*n + 144. What is i(13)?
14
Let n(g) = g**3 - g**2 + 95. Calculate n(0).
95
Let d(b) = -b**3 + 5*b**2 + 6*b - 9. Give d(7).
-65
Let u(t) = 6*t**2 - 14. Calculate u(-5).
136
Let i(g) = 19*g + 167. What is i(-7)?
34
Let m(d) = d**3 - 5*d**2 + d + 5. What is m(3)?
-10
Let n(d) = -13*d + 5. What is n(4)?
-47
Let d(q) = q**2 - 14*q - 73. Determine d(18).
-1
Let l(w) = 17*w + 37. What is l(-7)?
-82
Let m(k) = -k + 15. Determine m(13).
2
Let u(t) = -t**2 - 7*t - 16. Give u(-6).
-10
Let v(x) = x**3 + 8*x**2 + 6*x - 3. Determine v(-5).
42
Let c(s) = 2*s + 40. Give c(-20).
0
Let n(r) = 8*r - 42. Calculate n(6).
6
Let f(k) = k**2 + 6*k + 12. Give f(-9).
39
Let a(d) = d**3 + 20*d**2 - d - 17. Determine a(-20).
3
Let w(x) = 11*x + 110. Give w(-10).
0
Let b(k) = 2*k**2 - 31*k + 19. Calculate b(15).
4
Let x(g) = -4*g + 23. Calculate x(17).
-45
Let i(h) = h + 5. Calculate i(10).
15
Let t(k) = k**3 + 3*k**2 + 5*k. Give t(-2).
-6
Let c(y) = 23*y - 6. Give c(-3).
-75
Let c(m) = -m + 31. Determine c(-16).
47
Let r(g) = -g**2 + 14*g + 9. What is r(17)?
-42
Let f(u) = u**3 - 12*u**2 + 5*u + 66. Give f(11).
0
Let s(k) = k**3 + 6*k**2 - 6*k + 30. Calculate s(-7).
23
Let c(t) = -t**3 - 3*t**2 + 18*t. What is c(0)?
0
Let f(q) = 2*q**3 - 22*q**2 - 23*q. What is f(12)?
12
Let l(j) = -j**2 - 16*j - 48. Give l(-13).
-9
Let b(z) = 3*z. What is b(-4)?
-12
Let z(x) = -22*x**2 - 1. Calculate z(-1).
-23
Let n(f) = 3*f + 56. What is n(19)?
113
Let f(w) = -w**3 - 3*w**2 + 12*w + 2. Determine f(-5).
-8
Let g(m) = 30*m**2 - 3*m - 2. What is g(-1)?
31
Let i(q) = q + 22. What is i(-12)?
10
Let t(b) = -b**3 + 6*b**2 - 6*b - 1. Calculate t(3).
8
Let l(i) = -i + 22. What is l(0)?
22
Let r(c) = -c**2 + 2*c - 1. Give r(2).
-1
Let t(u) = -27*u - 11. What is t(-3)?
70
Let z(y) = -4*y**2 - 8*y - 7. Determine z(-1).
-3
Let h(n) = n**3 - n**2 - 9*n + 10. Determine h(5).
65
Let n(v) = -6*v**2 + v. Calculate n(1).
-5
Let s(n) = 3*n + 20. Determine s(-9).
-7
Let s(l) = l**2 - 10*l + 3. Determine s(9).
-6
Let h(n) = n**3 + 13*n**2 + 8*n - 39. Give h(-12).
9
Let k(t) = t + 5. Calculate k(-3).
2
Let t(q) = -2*q - 1. Give t(-9).
17
Let r(g) = -g**2 + 10*g + 37. Give r(16).
-59
Let r(h) = -h + 16. Calculate r(14).
2
Let v(k) = k**2 - 50*k - 332. What is v(56)?
4
Let q(g) = g**3 - 20*g**2 + 19*g - 16. Give q(19).
-16
Let o(w) = -14*w + 438. Calculate o(31).
4
Let h(v) = -v**3 - v**2 + 1. Calculate h(-3).
19
Let c(b) = 3*b - 46. Determine c(15).
-1
Let q(s) = s + 3. Calculate q(3).
6
Let u(r) = 27*r - 125. Give u(4).
-17
Let r(u) = u**3 + 2*u**2 + 4*u - 6. Calculate r(0).
-6
Let l(o) = o**3 + 10*o**2 - o + 8. Calculate l(-10).
18
Let m(x) = 5*x - 206. Give m(41).
-1
Let j(x) = x**2 + 5*x - 9. What is j(-10)?
41
Let u(w) = -3*w**3 - 15*w**2 + 8*w + 18. Determine u(-5).
-22
Let l(v) = -7*v**2 - 7*v + 4. Give l(-2).
-10
Let r(m) = 6*m**2 - 70*m - 20. Determine r(12).
4
Let b(s) = 5*s - 98. What is b(17)?
-13
Let k(b) = 5*b - 37. Give k(10).
13
Let l(h) = 7*h - 3. Determine l(1).
4
Let b(q) = -q**3 - 2*q**2 + 7*q - 8. Give b(-4).
-4
Let l(m) = m**2 - 7*m - 5. What is l(7)?
-5
Let j(w) = 7*w - 29. What is j(5)?
6
Let f(q) = -9*q - 23. What is f(7)?
-86
Let b(n) = -154*n + 7. Give b(1).
-147
Let i(p) = -19*p - 77. Calculate i(-5).
18
Let c(z) = z**2 - 15*z + 43. Give c(8).
-13
Let x(d) = d**2 + 2*d - 23. Determine x(6).
25
Let z(p) = -p**3 - 14*p**2 + 46*p + 208. Calculate z(-16).
-16
Let x(w) = 14*w - 262. Calculate x(19).
4
Let w(l) = l**3 + 6*l**2 + 2*l - 17. Calculate w(-6).
-29
Let q(s) = s**3 + 7*s**2 - s + 2. Determine q(-7).
9
Let x(r) = r**2 + 22*r - 16. Calculate x(-22).
-16
Let m(s) = -s**3 - 36*s**2 - 39*s - 123. Give m(-35).
17
Let b(q) = 2*q**2 + 17*q - 10. Determine b(-9).
-1
Let l(r) 